{"id":92,"date":"2024-09-05T23:21:59","date_gmt":"2024-09-05T21:21:59","guid":{"rendered":"https:\/\/deynet.eu\/?page_id=92"},"modified":"2025-02-11T19:23:24","modified_gmt":"2025-02-11T18:23:24","slug":"industrie-laufbahn","status":"publish","type":"page","link":"https:\/\/deynet.eu\/?page_id=92","title":{"rendered":"Industrie-Laufbahn"},"content":{"rendered":"\n<h3 class=\"wp-block-heading\">03\/2015 &#8211; 08\/2019 Becker Mining Europe GmbH<\/h3>\n\n\n\n<h4 class=\"wp-block-heading\">03\/15 &#8211; 01\/16 Abteilungsleiter Communications<\/h4>\n\n\n\n<ul class=\"wp-block-list\">\n<li>Migration und Aufbau der F + E Abteilung aus S\u00fcdafrika:<ul><li>Software-Entwicklung<\/li><\/ul><ul><li>Hardware-Entwicklung<\/li><\/ul>\n<ul class=\"wp-block-list\">\n<li>Mechanik-Entwicklung<\/li>\n<\/ul>\n<\/li>\n\n\n\n<li>Unterst\u00fctzung der Fertigung am Standort Friedrichsthal beim Aufbau von Wissen \u00fcber die Produkte Communications (Kollisionswarnsysteme, Personen- und Materialverfolgungssysteme, WIFI-Hotspots)<\/li>\n<\/ul>\n\n\n\n<h5 class=\"wp-block-heading\">Berufliche Erfolge<\/h5>\n\n\n\n<ul class=\"wp-block-list\">\n<li>Aufbau eines schlagkr\u00e4ftigen Teams<\/li>\n\n\n\n<li>Aufbau von nachhaltigem Know-how von (Alt-)Produkten am Standort Friedrichsthal<\/li>\n\n\n\n<li>Entwicklung von erfolgreichen Neu-Produkten im Kommunikationsbereich<\/li>\n<\/ul>\n\n\n\n<h4 class=\"wp-block-heading\">01\/16-11\/16 <strong>Bereichsleiter Head of Development<\/strong><\/h4>\n\n\n\n<ul class=\"wp-block-list\">\n<li>Leitung der Entwicklungsabteilungen:<ul><li>Communications<\/li><\/ul><ul><li>Automation<\/li><\/ul>\n<ul class=\"wp-block-list\">\n<li>Hardware, Software, Mechanik<\/li>\n<\/ul>\n<\/li>\n\n\n\n<li>Neustrukturierung der Abteilung \u201eAutomatisierung\u201c<\/li>\n<\/ul>\n\n\n\n<h4 class=\"wp-block-heading\">11\/16-09\/2019 <strong>Leitung Bereich Automatisierung, Energieverteilung und Communications<\/strong><\/h4>\n\n\n\n<ul class=\"wp-block-list\">\n<li>Verantwortlich f\u00fcr die Bereiche<ul><li>Communications<\/li><\/ul><ul><li>Automation<\/li><\/ul>\n<ul class=\"wp-block-list\">\n<li>ENDIS (ENergyDIStribution)<\/li>\n<\/ul>\n<\/li>\n\n\n\n<li>Leitung der Software-Entwicklung, moderne Software-Entwicklungsmethoden und -Tools, z.B. Bitbucket, GIT, Mercurial, JIRA, UML, SysML; Einf\u00fchrung und Nutzung SPARX Enterprise Architect<\/li>\n\n\n\n<li>Leitung Elektronik-Entwicklung, Altium, EMV- und Umwelt-Tests, RED, Zulassungen im Explosionsschutz<\/li>\n\n\n\n<li>Leitung der Konstruktion, Autodesk, Industrialisierung nach China<\/li>\n\n\n\n<li>Leitung Service und Sales Support<\/li>\n<\/ul>\n\n\n\n<h5 class=\"wp-block-heading\">Berufliche Erfolge<\/h5>\n\n\n\n<ul class=\"wp-block-list\">\n<li>Schnittstellenfunktion zu den Schwesterunternehmen in China, Australien, Polen, Russland, S\u00fcdafrika, Kanada und Mexiko<\/li>\n\n\n\n<li>\u00dcberf\u00fchrung von Industrialisierung und Produktion nach China<\/li>\n\n\n\n<li>Entwicklung und Einf\u00fchrung von \u201eMineView \u2013 Digital Mine System\u201c<\/li>\n\n\n\n<li>Entwicklung der Communications-Strategie der Becker-Gruppe<\/li>\n\n\n\n<li>Erfolgreiche Neuentwicklung der Produktfamilien PROMOS 4.0 und ENDIS 4.0 (neue Digitalisierungs-\/I4.0-Produkte der Becker Gruppe)<\/li>\n\n\n\n<li>PROMOS 4.0 \u2013 Feldbus- und Automatisierungssystem der Zukunft (ca. 15 neue Komponenten, Hardware, Software, Mechanik)<\/li>\n\n\n\n<li>ENDIS 4.0 \u2013 Energieverteilungssystem der Zukunft (modulares Energieverteilungssystem, Hardware, Software, Mechanik)<\/li>\n\n\n\n<li>Diverse Verbesserungsprojekte in den Bereichen Kollisionswarnung-\/erkennung, Netzwerktechnik, Automatisierungstechnik, Energieverteilung<\/li>\n<\/ul>\n\n\n\n<h3 class=\"wp-block-heading\">09\/2019 &#8211; 05\/2021 Pedax GmbH<\/h3>\n\n\n\n<h4 class=\"wp-block-heading\">Leitung <strong>Software und Elektrokonstruktion<\/strong><\/h4>\n\n\n\n<ul class=\"wp-block-list\">\n<li>Leitung der Software-Entwicklung der Betonstahl-Biegemaschinen und -anlagen der Pedax GmbH<\/li>\n\n\n\n<li>Leitung der Elektrokonstruktion<\/li>\n\n\n\n<li>Leitung der beiden Entwicklungsstandorte Bitburg und Espergaerde<\/li>\n<\/ul>\n\n\n\n<h5 class=\"wp-block-heading\">Berufliche Erfolge<\/h5>\n\n\n\n<ul class=\"wp-block-list\">\n<li>Zusammenf\u00fchrung von zwei autarken Entwicklungsteams<\/li>\n\n\n\n<li>Konzept zur Konsolidierung der Software und der elektrischen Ausr\u00fcstung<\/li>\n\n\n\n<li>Aufbau von Know-how zur erfolgreichen Modularisierung\/Standardisierung der Software und Elektrokonstruktion<\/li>\n\n\n\n<li>Aufbau der I4.0 \/ Cloud-Strategie (z.B. Bereich Smart Reporting, Predictive Maintenance, Logistik mit RFID)<\/li>\n<\/ul>\n\n\n\n<h3 class=\"wp-block-heading\">06\/2021 &#8211; 04\/2023 Boldly Go Beyond UG (haftungsbeschr\u00e4nkt)<\/h3>\n\n\n\n<h4 class=\"wp-block-heading\">Gr\u00fcnder  und Gesch\u00e4ftsf\u00fchrer<\/h4>\n\n\n\n<ul class=\"wp-block-list\">\n<li>Entwicklung eines Safety-Lokalisierungs und Kollisionswarnsystems auf Basis von Ultrawideband<\/li>\n\n\n\n<li>Systemkonzipierung und -modellierung mit UML inkl. Safety<\/li>\n\n\n\n<li>Hardware-, Software- und Mechanik-Konstruktion<\/li>\n\n\n\n<li>Funktionale Sicherheit gemeinsam mit Fraunhofer IESE<\/li>\n<\/ul>\n\n\n\n<figure class=\"wp-block-image size-large\"><img loading=\"lazy\" decoding=\"async\" width=\"1024\" height=\"473\" src=\"https:\/\/deynet.eu\/wp-content\/uploads\/2025\/02\/signal-2025-02-11-191537_019-1024x473.jpeg\" alt=\"\" class=\"wp-image-275\" srcset=\"https:\/\/deynet.eu\/wp-content\/uploads\/2025\/02\/signal-2025-02-11-191537_019-1024x473.jpeg 1024w, https:\/\/deynet.eu\/wp-content\/uploads\/2025\/02\/signal-2025-02-11-191537_019-300x139.jpeg 300w, https:\/\/deynet.eu\/wp-content\/uploads\/2025\/02\/signal-2025-02-11-191537_019-768x355.jpeg 768w, https:\/\/deynet.eu\/wp-content\/uploads\/2025\/02\/signal-2025-02-11-191537_019-1536x710.jpeg 1536w, https:\/\/deynet.eu\/wp-content\/uploads\/2025\/02\/signal-2025-02-11-191537_019-2048x946.jpeg 2048w, https:\/\/deynet.eu\/wp-content\/uploads\/2025\/02\/signal-2025-02-11-191537_019-624x288.jpeg 624w\" sizes=\"auto, (max-width: 1024px) 100vw, 1024px\" \/><\/figure>\n","protected":false},"excerpt":{"rendered":"<p>03\/2015 &#8211; 08\/2019 Becker Mining Europe GmbH 03\/15 &#8211; 01\/16 Abteilungsleiter Communications Berufliche Erfolge 01\/16-11\/16 Bereichsleiter Head of Development 11\/16-09\/2019 Leitung Bereich Automatisierung, Energieverteilung und Communications Berufliche Erfolge 09\/2019 &#8211; 05\/2021 Pedax GmbH Leitung Software und Elektrokonstruktion Berufliche Erfolge 06\/2021 &#8211; 04\/2023 Boldly Go Beyond UG (haftungsbeschr\u00e4nkt) Gr\u00fcnder und Gesch\u00e4ftsf\u00fchrer<\/p>\n","protected":false},"author":1,"featured_media":0,"parent":88,"menu_order":1,"comment_status":"closed","ping_status":"closed","template":"","meta":{"footnotes":""},"class_list":["post-92","page","type-page","status-publish","hentry"],"_links":{"self":[{"href":"https:\/\/deynet.eu\/index.php?rest_route=\/wp\/v2\/pages\/92","targetHints":{"allow":["GET"]}}],"collection":[{"href":"https:\/\/deynet.eu\/index.php?rest_route=\/wp\/v2\/pages"}],"about":[{"href":"https:\/\/deynet.eu\/index.php?rest_route=\/wp\/v2\/types\/page"}],"author":[{"embeddable":true,"href":"https:\/\/deynet.eu\/index.php?rest_route=\/wp\/v2\/users\/1"}],"replies":[{"embeddable":true,"href":"https:\/\/deynet.eu\/index.php?rest_route=%2Fwp%2Fv2%2Fcomments&post=92"}],"version-history":[{"count":5,"href":"https:\/\/deynet.eu\/index.php?rest_route=\/wp\/v2\/pages\/92\/revisions"}],"predecessor-version":[{"id":276,"href":"https:\/\/deynet.eu\/index.php?rest_route=\/wp\/v2\/pages\/92\/revisions\/276"}],"up":[{"embeddable":true,"href":"https:\/\/deynet.eu\/index.php?rest_route=\/wp\/v2\/pages\/88"}],"wp:attachment":[{"href":"https:\/\/deynet.eu\/index.php?rest_route=%2Fwp%2Fv2%2Fmedia&parent=92"}],"curies":[{"name":"wp","href":"https:\/\/api.w.org\/{rel}","templated":true}]}}